ded by w(0).
5
Let q(j) = -24*j + 4. Suppose 0 = 4*x - 0*x + 12. What is the remainder when q(x) is divided by 26?
24
Suppose 4*m - 5*r - 261 = 0, 5*m - r - 285 = -3*r. Calculate the remainder when m is divided by 15.
14
Let f be -1 + (0 - -2)/1. Calculate the remainder when 31 is divided by 13*1 - (f - -1).
9
Let p = -3 + 5. Suppose -f + p*x = -9, 6 + 5 = -5*f - 4*x. Calculate the remainder when f is divided by 1.
0
Suppose 0 = 6*o + 11 - 53. Suppose 3*l + 13 = n, n + 0*n - 5*l = 9. Calculate the remainder when n is divided by o.
5
Let t = -40 + 110. Suppose p - t = -p. Suppose 0 = -2*y + 5*c + 4, 4*c - 81 = -5*y - 5. What is the remainder when p is divided by y?
11
Suppose 3*n + 155 = 5*d - 92, 3*d - 155 = -5*n. Let x(u) = -u**2 + u + 2. Let a be x(0). Suppose -b + a*b = 17. What is the remainder when d is divided by b?
16
Let c(d) = 12*d + 7. Suppose -2*u = 4*m - 66, -2*u + 2*m + m = -31. What is the remainder when c(5) is divided by u?
21
Suppose 2*a - 2*t - 27 = a, 3*a = 3*t + 72. What is the remainder when a is divided by 8?
5
Let h = -5 - -3. Let d = -24 + 37. What is the remainder when -1 - (-36 + h)*1 is divided by d?
11
Suppose 0 = 4*q + 4, 0 = -3*d + 4*q + q + 101. Suppose 0 = g - 4 - 7. What is the remainder when d is divided by g?
10
Let a(x) = -x**3 + 5*x**2 + x + 3. Suppose -10 = -2*t - 0. Calculate the remainder when 14 is divided by a(t).
6
Suppose 1 + 2 = 3*d. Let o = 15 - d. Calculate the remainder when o is divided by (-9 + -1)/(2*-1).
4
Let o = -5 - -21. Calculate the remainder when 45 is divided by o.
13
Suppose 2 = 3*h - 5*t + t, -10 = -3*h - 4*t. Let v = h + -5. Calculate the remainder when (v + 4)*(38 - 1) is divided by 13.
11
Let y(l) = -2*l + 53. Calculate the remainder when y(19) is divided by 9.
6
Calculate the remainder when 84*((-48)/(-9) - 4) is divided by 38.
36
Suppose 4*n + 8 = 3*n. Calculate the remainder when (-109 + -2)*n/12 is divided by 19.
17
Suppose -3*v = -4*v + 18. Let h = 0 + 0. Calculate the remainder when v is divided by (3 + h)/((-3)/(-10)).
8
Suppose -27 - 49 = -4*v - 5*f, 3*f = -2*v + 40. Let w(q) = -21*q - 8. What is the remainder when w(-3) is divided by v?
13
What is the remainder when 11/((-88)/(-32)) + 17 is divided by (-2)/(-6) + (-17)/(-3)?
3
Let y = 11 + -6. Suppose -5*w + 74 = -211. Suppose 19 = -2*x + w. Calculate the remainder when x is divided by y.
4
Suppose 7*q = 4*q + 6. Suppose 0 = -0*d - 5*d + 20. Suppose -d*s - 34 = -q*y, -s = 5*y - 0*s - 63. Calculate the remainder when y is divided by 7.
6
Suppose -2*l - 2*l - k + 31 = 0, 34 = l - 5*k. What is the remainder when l is divided by 3?
0
Suppose 2*p + k = -6 + 84, p - 53 = -4*k. Suppose c = 2*d + 4*c - 32, 2*d + 5*c - 36 = 0. What is the remainder when p is divided by d?
11
Suppose -2*j - 3*j - 55 = -5*o, 3*o - 8 = -2*j. Let q(d) = d**2 + 2*d - 4. Calculate the remainder when q(3) is divided by o.
5
Suppose 0*l - q = 2*l - 46, 0 = 3*l - 4*q - 91. Calculate the remainder when 38 is divided by l.
13
Suppose d + 0*d = 112. Let r = d + -74. Calculate the remainder when r is divided by 13.
12
Let z(j) = -j**3 + 4*j**2 + 3*j - 1. Let l be (-1)/(-2) - 246/(-12). What is the remainder when 2/(-2 + l/10) is divided by z(4)?
9
Suppose -j - 4*j + 390 = 0. Suppose 0 = -4*t + 52 + 28. Calculate the remainder when j is divided by t.
18
Let l be (-54)/4 + (-1)/(-2). Let v = l + 28. Let p = 3 + v. Calculate the remainder when 53 is divided by p.
17
Suppose 6 = 2*f + 5*j - 16, 0 = 4*f - j - 44. What is the remainder when 41 is divided by f?
8
What is the remainder when 5 is divided by (-9)/2*(-14)/21?
2
Let i(b) = -2*b - 1. Let d = -87 + 91. What is the remainder when i(-6) is divided by d?
3
Calculate the remainder when (-11)/((-11)/(-30))*(-2 + 1) is divided by 11.
8
Let q(u) = -u**3 - 10*u**2 + 13*u + 9. Let l be q(-11). Let f be (21/12)/((-2)/8). Let b = f - l. What is the remainder when 11 is divided by b?
5
Let g(m) = -m**3 + 10*m**2 + 12*m + 18. Calculate the remainder when 55 is divided by g(11).
26
Let b(w) = -w**2 + 5*w - 5. Let g be b(7). Let y = -6 - g. Suppose 47 + y = 5*o. What is the remainder when 22 is divided by o?
10
Suppose 48 = 3*a + a. Suppose 5*b - 2*p - 36 - a = 0, 2*b - 32 = 4*p. Calculate the remainder when 22 is divided by b.
6
Let n = 56 - 45. Let b(c) = c**3 - 2*c**2 - 6*c - 4. What is the remainder when b(5) is divided by n?
8
Suppose -1 = -o + 3. Let p(q) = q**2 + 2. Let c = 8 + -5. Calculate the remainder when p(c) is divided by o.
3
Let w(k) = k**2 - 8*k - 16. What is the remainder when w(-7) is divided by 15?
14
Suppose -3*w = 4*n - 82, -5*n = -6*w + w + 90. What is the remainder when w is divided by 6?
4
Suppose 0 = 5*i - 164 + 59. Calculate the remainder when 83 is divided by i.
20
Suppose 24*r - 21*r = 63. What is the remainder when r is divided by 4?
1
Suppose 0 = -5*i - 4*m + 22, 5 = i - 2*m + 3*m. Let z be (-3 + 0)*(-8)/i. Suppose 0 = 4*k - z - 68. Calculate the remainder when k is divided by 11.
9
Suppose 0*t + 122 = 2*t + 5*u, t - 87 = 4*u. Suppose -5*f + 0*f = 0. Suppose -2*k - 5*p + 53 = 0, -4 = -4*p - f. Calculate the remainder when t is divided by k.
23
Let o(x) = 5*x**2 - 3*x - 1. Calculate the remainder when 53 is divided by o(-1).
4
Let j = 9 - 23. Let f = 38 - 34. What is the remainder when (4/4)/((-2)/j) is divided by f?
3
Let x(s) = s**3 - 7*s**2 - 10*s - 23. What is the remainder when x(9) is divided by 10?
9
Let i be 3/(-3)*9/3. Let l(s) = s**2 + 6*s + 4. Let j be l(i). What is the remainder when (-948)/(-20) + 2/j is divided by 16?
15
Suppose 14*b = 10*b + 24. Calculate the remainder when b is divided by 3.
0
Suppose -4*w + 26 = -3*p - 14, -2*w = p - 30. Calculate the remainder when w is divided by 5.
3
Suppose 0 = x + 5*g - 23, 2*x - 76 - 26 = 4*g. Let o = 19 + -4. What is the remainder when x is divided by o?
13
Suppose 28 = 14*x - 12*x. Calculate the remainder when 40 is divided by x.
12
Suppose -2*z = 3*z + 2*t - 34, 0 = -2*z - 5*t + 1. Suppose 2*r - 12 = -2*i, 2*r - 3*i - i = 0. Let n = z - r. What is the remainder when 6 is divided by n?
2
Let k = -13 + 30. What is the remainder when 33 is divided by k?
16
Let k(r) = r + 16. What is the remainder when 27 is divided by k(-9)?
6
Suppose s + 2*v = v - 11, 36 = -3*s - 4*v. Let q(p) = 2*p**2 + 11*p + 8. Calculate the remainder when q(s) is divided by 17.
14
Suppose 0 = -5*q + 8 + 2. Suppose 5*l = 3*s - 26, 3*l - q*l = -1. Calculate the remainder when 26 is divided by s.
5
Calculate the remainder when 2 is divided by 4/(0 + -1 - -3).
0
Suppose -o = 5*d - 22 - 6, -35 = -2*o - 3*d. Let j be (-876)/(-18) + 1/3. Let z = j + -25. What is the remainder when z is divided by o?
11
Let r be 74/10 + (-4)/10. Let x = -2 + r. Suppose 5*s = -4*p + 5*p + 62, 0 = -s + 2*p + 7. What is the remainder when s is divided by x?
3
Suppose -54 = -6*h + 18. What is the remainder when 6*4 + (-9)/3 is divided by h?
9
Calculate the remainder when 16 is divided by (-12)/(-4) + 1*(-4)/(-4).
0
Let z(q) = -q + 12. Let v be z(0). Let s be (-30)/4*v/15. Calculate the remainder when s/(-24) - (-91)/4 is divided by 8.
7
Suppose b = -2*a + 18, -3*b + 4*a + 24 + 0 = 0. Suppose 0 = 2*w + 8, -6*f + 3*f - 4*w = -86. What is the remainder when f is divided by b?
10
Let r = -116 - -131. Calculate the remainder when 58 is divided by r.
13
Let m(f) be the second derivative of -3*f**3 - f**2/2 + f. Calculate the remainder when 50 is divided by m(-1).
16
What is the remainder when 65 + 1 + 0/(-7) is divided by 17?
15
Let a = 0 - -47. Calculate the remainder when a is divided by 24.
23
Suppose 3*a = 4*o - 53, -7 = 4*a - 27. Suppose -3*c + 3*i = -81, 4*c - i - i = 116. What is the remainder when c is divided by o?
14
Let u = -9 + 0. Let k(j) = -j + 13. Calculate the remainder when k(u) is divided by -5*3/((-30)/16).
6
Suppose 4*q - 5*c + 10 = 1, 4*q = -5*c + 1. Suppose 3 = -r + 2*r - 2*w, 0 = 3*r + 5*w - 42. What is the remainder when r is divided by (-1 + 0)*(-4 + q)?
4
Suppose -h = -0*h + 19. Let c = -8 - h. Let z(g) = -8*g - 27. Calculate the remainder when z(-6) is divided by c.
10
What is the remainder when (-12)/(-66) - (-3)/(33/262) is divided by 5?
4
What is the remainder when -22*(1 - (-15)/(-10)) is divided by 6?
5
Suppose -5*s = -5*c - 470, 0*c + 5*c = s - 90. What is the r